 r**2 + 2*r - 10. Let k be o(7). Let i = 71 - k. Calculate the highest common factor of 45 and i.
9
Let k be ((-11 - -1)/2)/(50/(-40)). What is the highest common factor of 3 and k?
1
Let b(f) be the second derivative of -2*f**3/3 - 7*f**2/2 - 3*f. Let r be b(-14). Let u = 9 - 2. Calculate the highest common divisor of u and r.
7
Let d be 1/(-4) + 1449/36. Suppose 0 = 2*t + 2*u - 20, -2*t + 26 = u + 4*u. Calculate the greatest common factor of d and t.
8
Let r be (29/(-3) - 1)/(9/(-189)). Calculate the greatest common divisor of 64 and r.
32
Let z be ((-27)/6 + 5)/(1/44). Let g = 46 - z. What is the greatest common factor of 24 and g?
24
Let y be (-20)/(-6)*12/(-8)*-2. Calculate the greatest common factor of 30 and y.
10
Suppose -4*w - 11*h + 12*h + 102 = 0, 4*h - 138 = -5*w. Let f(o) = 2*o**2 - 14*o - 14. Let b be f(14). Calculate the highest common divisor of b and w.
26
Suppose 31*o = 29*o - 70. Let w = o + 47. Calculate the highest common factor of 12 and w.
12
Let h(d) be the first derivative of 5*d**2 + 5*d - 4. Let m be h(4). Suppose 0 = -2*q - q + m. What is the highest common factor of q and 15?
15
Let q = -35 + 38. Suppose 142 = 5*h + 4*g - 484, q = -3*g. Calculate the highest common divisor of 18 and h.
18
Suppose -2*w + 54 = 3*r - 4*r, 5*r - 150 = -5*w. What is the greatest common factor of w and 434?
14
Let s = -124 - -243. Calculate the greatest common factor of s and 153.
17
Let z = -266 - -341. What is the greatest common divisor of 25 and z?
25
Let l be (-15)/60 + (-281)/(-4). What is the greatest common factor of 112 and l?
14
Let n be (0/(-1))/(3/(-1)). Suppose -4*o - 5*a + 28 = n, -2*o = o - 5*a + 14. What is the greatest common factor of o and 6?
2
Let s = 69 + -22. Suppose -g = -s + 42. Calculate the greatest common factor of g and 2.
1
Let u = -38 - -14. Let r = 32 + u. Calculate the highest common divisor of r and 20.
4
Let m(l) = -3*l**3 - 8*l**2 + 5*l + 1. Let u be m(-4). What is the greatest common factor of u and 9?
9
Let c be (21 + -14)*(-1590)/(-21). What is the greatest common factor of c and 20?
10
Suppose -40*x - 136 = -1296. Suppose 10*t - 580 = 6*t. What is the greatest common factor of x and t?
29
Suppose 14 = r + 2*p, -3*p + 18 = 2*r - 5. Calculate the greatest common divisor of r and 16.
4
Suppose -57 = 3*c - 24. Let l(y) = 4*y**2 + 43*y - 2. Let v be l(c). What is the greatest common divisor of v and 6?
3
Let b = 1090 - 1006. What is the greatest common factor of b and 60?
12
Let l = 5 + -3. Suppose 0*j - 6 = -l*d + j, 2*d = 5*j + 14. Let r(q) = 40*q**2 - 4*q + 2. Let a be r(d). What is the highest common divisor of 22 and a?
22
Suppose -4*y = -5*v + 615, -3*v + 156 = 4*y - 181. Calculate the highest common factor of v and 7.
7
Let o = -61 + 104. Let q = o - 32. What is the greatest common divisor of q and 11?
11
Suppose -2*g - 3*p + 18 = 3, -18 = -2*g - 4*p. Suppose 0*j = 2*t - j + 1, -3*t + g*j = 9. Calculate the highest common divisor of 16 and t.
2
Let d(n) = -n**3 - 4*n**2 - n - 2. Let y(l) = -2*l. Let h be y(0). Suppose 2*t - 3*t - 5 = h. Let p be d(t). What is the highest common divisor of p and 7?
7
Suppose -z = 2*f - 6*z - 20, 5*f + 4*z - 17 = 0. Let k be (((-600)/(-18))/(-2))/(10/(-15)). What is the greatest common factor of f and k?
5
Let f(c) = c**3 + 14*c**2 - 15*c + 5. Let o be f(-15). Suppose -q + 6*q + o = 0. Let t be 1*-2 - (q - 2). Calculate the highest common divisor of t and 2.
1
Let j = 518 + -496. Calculate the highest common divisor of 55 and j.
11
Suppose -2*x + 0*o + 56 = 2*o, 0 = -2*o + 8. Suppose x = -4*t + 84. Suppose u = 4*u - 180. Calculate the highest common factor of u and t.
15
Suppose 325 = -3*f + 1285. What is the highest common factor of f and 20?
20
Let z = -60 - 33. Let f = -30 - z. Let j = 60 - 39. Calculate the greatest common divisor of j and f.
21
Let t be (-3)/21 - (-682)/(-77). Let y = 15 - t. Calculate the highest common divisor of 6 and y.
6
Suppose 2*l - m - 303 = 0, -2*l = -l + 2*m - 159. Suppose 3*w + 4*w - 119 = 0. Calculate the highest common factor of w and l.
17
Suppose -5*s = -0*s - 4*o - 8, 2*o + 10 = 4*s. Suppose -2*q = 5*i - 19, -2*q - 3*q = -2*i - s. Calculate the greatest common divisor of i and 2.
1
Suppose v - 17 = -2*u, v - 16 = -2*u - v. Let c = u - 5. Suppose c*a = a + 36. Calculate the greatest common divisor of a and 3.
3
Let x = 531 - 420. What is the greatest common factor of 185 and x?
37
Let x(u) = 2*u + 39. Let v(r) = r - 1. Let m(y) = -4*v(y) + x(y). Let o be m(10). Calculate the greatest common factor of 230 and o.
23
Let x = -865 - -915. Calculate the highest common factor of x and 75.
25
Let x(b) = -2*b**2 + 38*b + 23. Let v be x(19). What is the highest common factor of 851 and v?
23
Suppose 266 - 422 = -13*d. Let f(k) = k**3 - 4*k**2 + k + 6. Let m be f(6). What is the greatest common factor of m and d?
12
Let f = -9 + 16. Let h(d) = d**2 - 7*d - 12. Let k be h(f). Let b be (-3)/(1*k/52). What is the greatest common divisor of b and 26?
13
Let n be 4/(-4) + 22/2 - 5. Calculate the highest common factor of 515 and n.
5
Let n be (-64)/(-6)*-1*-3. Suppose 6*q - 3*q - 3*v = 6, -5*v + n = q. Let x = -260 - -261. What is the highest common factor of x and q?
1
Let y(f) = 27*f + 9. Let j be y(4). Suppose j = 3*p - 135. Calculate the greatest common factor of p and 21.
21
Let d(g) = -g**2 + 9*g + 8. Let k be d(6). What is the greatest common factor of 104 and k?
26
Let w = 175 - 165. Suppose -2*i = 207 + 81. Let u = -74 - i. Calculate the highest common factor of w and u.
10
Let z = -62 - -42. Let n = -17 - z. Calculate the highest common divisor of 3 and n.
3
Let d(a) = 9 + 5 - 7*a - 18. Let s be d(-4). What is the highest common factor of 120 and s?
24
Suppose -4*x = -3*v + 61, -5*x = 35*v - 30*v - 55. What is the greatest common factor of v and 435?
15
Suppose 1322 = 2*q + 4*f, -344 = 2*q - 3*f - 1701. Calculate the greatest common factor of 61 and q.
61
Suppose 13795 = 16*b - 365. Calculate the highest common divisor of b and 15.
15
Let t(x) = x**3 + 9*x**2 - 18*x - 18. Let y be t(-9). Calculate the highest common factor of 84 and y.
12
Let h = 28 + -6. Calculate the highest common factor of h and 297.
11
Suppose 7*q - 2*q = 45. Let l = -7 + q. Suppose 144*o - 139*o = 80. What is the greatest common factor of l and o?
2
Suppose 0 = -u + 2*u - 6. Suppose -3*n + 21 = 2*y - u*n, -5*n = -y. Let z be 399/9 + (-2)/(-3). What is the greatest common factor of z and y?
15
Let x be (4 + -9)*(-2004)/10 + -1. Calculate the greatest common factor of 77 and x.
77
Let c be (-1)/(-2) + (-153)/(-6). Let r be ((-2)/1)/(4/(-12)). Suppose 0 = -r*i - 13 + 169. What is the highest common factor of i and c?
26
Let d = -9 + 5. Let s = -4 + d. Let k(f) = -f**3 - 9*f**2 - 10*f + 6. Let u be k(s). Calculate the highest common factor of 55 and u.
11
Let r = -4 + 36. Let q = -86 - -90. Calculate the highest common divisor of r and q.
4
Let o be (-1)/(-6) + (-69)/(-18). What is the greatest common divisor of 4 and o?
4
Suppose 0 = -m - 20 - 20. Let q = -18 - m. Let g be ((-110)/8)/((-7)/28). Calculate the highest common factor of q and g.
11
Suppose -219 = -h - 148. Calculate the greatest common divisor of h and 1136.
71
Let u(f) = -2*f**2 - 7*f - 24. Let v be u(-7). Let j = v - -100. Calculate the greatest common factor of 189 and j.
27
Suppose o - 32 = 36. Suppose 6*k + 14 = o. What is the highest common factor of k and 6?
3
Let u = 0 - 0. Let j be 7 - 6/(3 - u). Suppose 3*c - 4*x - 9 = 0, -5*c + x - j*x = -47. What is the highest common divisor of 1 and c?
1
Suppose 11*s - 15 - 7 = 0. Suppose -s*o + 190 = 5*d, -d + 39 = 4*o + 1. Calculate the greatest common divisor of d and 190.
38
Let v(l) = -l**3 - 12*l**2 + 24*l + 153. Let w be v(-13). What is the highest common divisor of 1090 and w?
10
Let n = -1104 - -1138. Let g = 612 - 306. Calculate the highest common factor of n and g.
34
Suppose 3*r - 946 = 7*v - 2*v, 0 = -5*r - 5*v + 1550. What is the greatest common factor of 351 and r?
39
Suppose -5*h + 3*m + 339 = 0, 5*m + 157 = 8*h - 385. Calculate the highest common factor of 161 and h.
23
Let p(z) be the first derivative of -z**3/3 - 13*z**2/2 - 21*z - 11. Let l be p(-9). What is the highest common factor of l and 150?
15
Let s be (-3)/6 - (-1)/(-2) - 5